 8*r**2 - 181*r - 23. What is the remainder when 454 is divided by z(8)?
64
Suppose a = -3*l - 3, -106 = 5*a - l - 43. Suppose 3*k - 84 = -k. What is the remainder when 8/(-6) - (-9 - (-1408)/a) is divided by k?
20
Suppose -5*f = -q - 3060 - 7136, f - 3*q - 2042 = 0. Calculate the remainder when f is divided by 204.
203
Suppose -5 = -p - 0. Let c(y) = 52*y. Let f(g) = 2*g - 1. Let h(q) = -c(q) + 24*f(q). Calculate the remainder when h(-8) is divided by p.
3
Suppose -4*g - 7*a + 10*a + 477 = 0, 2*g - 2*a - 236 = 0. Calculate the remainder when g is divided by (-11 + 2)*6/(-3).
15
Suppose 70*d - 23 - 31 = 86. Let x be (-1 + 4)*34/6. Suppose 0*q = -2*q - 8, 3*c + 5*q = -x. What is the remainder when d is divided by c?
0
Suppose -31*y = -21*y. What is the remainder when (y - (-9)/15) + (-16884)/(-60) is divided by 15?
12
Let c(r) = 13*r + 4. Let h(p) = 5*p. Let l(d) = c(d) - 2*h(d). Suppose -t + 3*y + 23 = t, -3 = -3*y. Calculate the remainder when l(7) is divided by t.
12
Let t be 4 - (-7)/(-28)*8. Suppose f = -0*h - 2*h + 24, t*h - 4*f = 44. Let j(q) = -4*q - 3. Calculate the remainder when h is divided by j(-3).
5
Suppose 3*w + 4*v + 193 = 70, -105 = 2*w - 5*v. Let j = w - -85. Let l = 1171 + -1165. What is the remainder when j is divided by l?
4
Let y = 19368 + -17227. Calculate the remainder when y is divided by 428.
1
Let p(o) = o**3 - 6*o**2 + 5*o + 6. Let n be p(5). Let t be (-36)/81 - (-376)/36. Calculate the remainder when (9/n)/(t/260) is divided by 11.
6
Let t(r) = -6*r + 134. Suppose -o = -2*s - 5, -o + 3*o = -5*s + 10. What is the remainder when t(o) is divided by 12?
8
Let b be 8 - ((-24)/(-4) - 1). Suppose 81 - 4 = 2*v + 3*z, b*v - 73 = 4*z. What is the remainder when 92 is divided by v?
30
Let w(c) = c**3 + 14*c**2 + 50*c + 13. Suppose 0 = -4*l - l + 20. What is the remainder when w(-7) is divided by l?
2
Suppose 30*l = 3008 + 2002. Suppose -223 - l = -26*w. What is the remainder when 89 is divided by w?
14
Suppose 1 = 53*r - 52*r. Let j(w) = -w**3 + 8*w**2 + 7*w - 8. Let b be j(9). Let p = b + 27. Calculate the remainder when p is divided by r.
0
Let a(u) = 500*u - 12219. Calculate the remainder when a(26) is divided by 200.
181
Suppose 0 = -4*g + 4*h + 44, 8*g - 13*g = 4*h - 100. Calculate the remainder when 636 is divided by g.
12
Suppose -4*h - 11256 = -3*h - 25*h. Calculate the remainder when h is divided by 150.
19
Suppose 3*r - 39 = -3*o, 3*r - 5*o - 61 = r. Suppose s + 0 - r = 0. Calculate the remainder when s is divided by 10.
8
Calculate the remainder when ((-10)/(-30))/(9/5508) is divided by 41.
40
Let f(u) = u**2 + 2*u + 5. Suppose 3*o + 3*l = 6*o, -4*l - 9 = -o. Suppose -2*z = -z - 18. What is the remainder when z is divided by f(o)?
2
Suppose -290 = -57*r + 47*r. What is the remainder when r is divided by (-20)/(-2)*9/30*2?
5
Let r(i) = 1477*i - 1464. What is the remainder when 20744 is divided by r(1)?
9
Suppose -2*y - 5*w + 75 = 3*y, -4*y = -w - 80. Let i(r) = 1787*r + 3647. Calculate the remainder when i(-2) is divided by y.
16
Let f(w) = 6*w + 49. Let t be f(3). Let a(b) = -12*b**2 - 4*b + 3. Let d be a(2). Let z = t + d. What is the remainder when 41 is divided by z?
13
What is the remainder when 1364 is divided by (434/8 - 1/4) + -126 + 133?
22
Suppose 2048 = 284*c - 268*c. What is the remainder when 1915 is divided by c?
123
Let f(j) = 31*j**3 - 3*j**2 + 2*j + 2. Let a be f(-2). Let t = 277 + a. Let y = -137 + 240. What is the remainder when y is divided by t?
13
Suppose 2*r - 4 = 0, 2*z + 10 = 5*r - 2. Let n be (-5 - (-13 - z))/(2/42). Suppose -y = f - n + 8, 3*f + 6 = 0. Calculate the remainder when y is divided by 48.
45
Let t be ((-9)/(-6))/(-3)*-4. Suppose i - 93 = -5*m, t*i = -2*m + 7*i + 21. Let f = 12 - 5. What is the remainder when m is divided by f?
4
Let g = -149 - -147. What is the remainder when ((-180)/(-189) - g/(-7))*21 is divided by 8?
6
Suppose 0 = 25*f - 167 - 283. What is the remainder when 41 is divided by f?
5
Let n = 114 - 84. Suppose -3*g + n = -87. What is the remainder when 153 is divided by g?
36
What is the remainder when 251 is divided by 7*30/(-350)*(-940)/12?
16
Let y(a) = -a**2 - 11*a - 5. Suppose -71 = 8*v - 7. Let n be y(v). Suppose -4*q - n = -5*r, -q + 18 = r + r. Calculate the remainder when 12 is divided by r.
5
Let h(c) = -33*c + 1272. What is the remainder when 3543 is divided by h(38)?
15
Let f be 0/(-14) + -11*7. Let n be 66/f*14/(-4). Suppose 5*v + 80 = 5*p, 6*v - 3*v = -n*p + 66. What is the remainder when 94 is divided by p?
18
Suppose 5*g + 87*c = 86*c + 2303, g + 4*c - 472 = 0. What is the remainder when 1420 is divided by g?
40
Let r be ((-3)/((-36)/8))/(3/9). Calculate the remainder when -4 + 2 + r - -68 is divided by 14.
12
Suppose 0 = -3*d - 3 + 102. Let n = 42 - d. Suppose -5*b - 3*q + 336 = 0, 5*b + n*q = 5*q + 338. Calculate the remainder when b is divided by 18.
12
Suppose 1312*m - 1309*m - 53 = -s, -3*m + 205 = 5*s. Calculate the remainder when s is divided by (-22 + 0 + -1)/(-1).
15
Let q(j) = -j**3 + j**2 - 2*j - 2. Let y be q(-1). Suppose y*m - 1071 = -363. Let u = m - 196. Calculate the remainder when u is divided by 40.
38
Let t = -3359 - -3364. What is the remainder when 658 is divided by t?
3
Suppose -245 = -750*g + 745*g. Calculate the remainder when 16217 is divided by g.
47
Let g(f) = f**3 + 6*f**2 + 3*f - 10. Calculate the remainder when 46 is divided by g(-4).
6
Let n = 38 + -8. What is the remainder when n is divided by 9*(10/(-30))/1*-1?
0
Let h(y) be the first derivative of -3*y**2/2 - 30*y - 31. What is the remainder when 1*(-94)/4*-2 is divided by h(-14)?
11
Suppose -102 = -2*p - 0*p. Let u(a) = -4*a**2 + 230*a - 85. Calculate the remainder when p is divided by u(57).
22
Suppose 5*z = 0, -6*b - 4*z + 6 = -3*b. Suppose -2*k + 50 = -4*f - 0*f, -b*f - 67 = -3*k. Calculate the remainder when k is divided by 6.
3
What is the remainder when ((-2001)/(-116))/(3/136) is divided by 131?
127
Let o = -62 + 62. Suppose o = 66*q - 69*q. Suppose -g + 5*m - 1 = q, g - 29 = -3*m - 6. Calculate the remainder when g is divided by 6.
2
Let n(v) = -30*v - 291. Suppose -2*c = 2*c - 2*s - 28, -5*c = -3*s - 36. Suppose c*u - 174 = 4*u. What is the remainder when u is divided by n(-10)?
6
Let n = -1248 + 1565. Calculate the remainder when n is divided by 73.
25
Let y be ((-2)/(-7))/(86/(-301)) + (0 - -12). Suppose -2*q - a = -38, -q + 0*a - 5*a + 28 = 0. Let l = q - y. Calculate the remainder when 32 is divided by l.
4
Let n(j) = -2*j**2 - 83*j - 819. What is the remainder when 364 is divided by n(-25)?
4
Let c(d) = 2*d**3 - 49*d**2 + 3*d + 707. What is the remainder when c(24) is divided by (2/4)/((-9)/(-90))?
3
Suppose i = -39*k + 40*k - 18, -2*k = -i - 34. What is the remainder when 4365 is divided by k?
13
Suppose 4*d - h = 334, 3*d + 5*h = 6 + 233. Suppose 0*j - 11*j = -132. Suppose 84 = j*f - 6*f. What is the remainder when d is divided by f?
13
Suppose -2*c = -5*w - 456, -4*c - 2*w = -964 + 76. Suppose 3*y - 1109 = -2*y + 3*z, c = y - z. Calculate the remainder when y is divided by 13.
12
Let o = 3202 + -3135. What is the remainder when o is divided by 40?
27
Suppose -10*v + 717 = 607. Calculate the remainder when 909 is divided by v.
7
Suppose 2*t = 2, 4516 = 4*n + 4*t + 736. Suppose -15*h + 23*h = n. Let s = 57 - 27. Calculate the remainder when h is divided by s.
28
Let u = -6796 + 6797. What is the remainder when 91 is divided by u?
0
Suppose -2*w + 626 = -2*c, -5*c - 1563 = 9*w - 12*w. What is the remainder when (25/15)/((-8)/c) is divided by 22?
21
Let z(h) = -h**2 + 21*h - 51. Suppose -2*p - 39 = -7*j + 4*j, 2*j + p - 26 = 0. What is the remainder when 105 is divided by z(j)?
52
Let k(r) = -r**3 + 7*r**2 - 7*r + 3. Let d be k(6). Let o be d - 34/4*2. Let z = 2 - o. What is the remainder when 61 is divided by z?
17
What is the remainder when 5405 is divided by (2/3)/((-15)/18) - 2948/(-335)?
5
Suppose -987*q - 1326 = -1000*q. What is the remainder when 713 is divided by q?
101
Suppose 120 = -23*d + 15*d. What is the remainder when 491 is divided by 5*d/(-25) - -16?
16
Calculate the remainder when 145 is divided by (-6)/(4/(-8) - (2 - 18/12)).
1
Suppose 2*m - 2*w = 66, 3*m - 64 - 30 = 2*w. Suppose m - 2 = s + 5*r, 5*s = 3*r + 130. Calculate the 